2*t - 2. What are the prime factors of l(f)?
2, 7
Suppose 72 = -0*z + 4*z. Let n = 31 - z. What are the prime factors of n?
13
Let a(f) = f**3 + 5*f**2 - 5*f + 3. Let j be a(-6). Let n(c) = -2*c - 1. Let t be n(j). Let u = -1 + t. List the prime factors of u.
2
Let p(r) = r**3 - 7*r**2 - 7*r + 4. Let f be p(8). Let c = 2 - f. Let u = c - -12. What are the prime factors of u?
2
Let w(r) = -r - 2. Let q be w(-3). Let m(u) = 6*u**3. Let c be m(q). Let v(h) = -h**3 + 7*h**2 - 5*h. What are the prime factors of v(c)?
2, 3
Suppose 0 = 6*m - 313 + 85. List the prime factors of m.
2, 19
Let s(o) be the first derivative of -o + 1/3*o**3 - 3 + o**2. List the prime factors of s(-6).
23
Let u be ((-3)/2)/(24/(-64)). Suppose -u*b - 1 + 17 = 0. List the prime factors of b.
2
What are the prime factors of (18/(-81) - 2962/36)*-4?
2, 3, 5, 11
Suppose -27 = -4*a + 5*j, 0*a = 2*a + j - 3. Let s = a + 31. List the prime factors of s.
2, 17
Let o be ((-10)/6)/(5/(-30)). Suppose -4*d = d - o. What are the prime factors of ((-18)/(-4))/(d/4)?
3
Let a(x) = -4*x + 10. Suppose 3*r - 4*l - 2 - 3 = 0, 0 = -5*r + l - 20. What are the prime factors of a(r)?
2, 3, 5
Suppose -u = -4, t + 4*t + 5*u - 115 = 0. List the prime factors of t.
19
Let w be (-1)/1 + -13*2. Suppose -j - 3*j = 60. Let x = j - w. What are the prime factors of x?
2, 3
Suppose 2*w = 85 + 1. List the prime factors of w.
43
Suppose 0 = n - 6 + 2. Suppose 3*o - n*o + 26 = 0. List the prime factors of o.
2, 13
Let t = -4 + 7. Let z(n) = -n**3 - 4*n**2 + 4*n. Let a be z(-5). Suppose 4*l = 2*m - 14, a*m - 22 = -t*l - 0*l. List the prime factors of m.
5
Suppose -5*m = -3 + 23, 3*m - 489 = -3*c. What are the prime factors of c?
167
Suppose 0 = -7*l + l + 18. Suppose -l*x + 41 = 2*i, x + 53 = 2*i - 0*i. What are the prime factors of i?
5
Suppose -4*b + 100 = b. Suppose 48 = l + b. What are the prime factors of l?
2, 7
Suppose 20 = i + 13. List the prime factors of i.
7
Let p(z) be the third derivative of -z**6/360 + z**5/20 - z**4/12 + z**3/3 - z**2. Let l(r) be the first derivative of p(r). What are the prime factors of l(5)?
3
Let u(t) = -t**3 + 4*t**2 - 4*t + 3. Let f be u(4). Let y = f - -2. Let c = y + 23. What are the prime factors of c?
2, 3
Let o = -86 + 311. Suppose 4*u - o = u. Suppose 5*s - 2*c - u = 0, 11 = -3*c - 4. List the prime factors of s.
13
What are the prime factors of ((-36)/(-60))/((-2)/(-40))?
2, 3
Suppose 0 = -5*s - 0*s + 105. Suppose 5*i + 6 = s. List the prime factors of i.
3
Suppose -10 = 3*r - 4*q, 4*r + 6 + 0 = -2*q. What are the prime factors of 20/(-4) - r - -5?
2
Let n = 292 - 196. What are the prime factors of n?
2, 3
Let b = 165 + -115. Let c = b - 15. What are the prime factors of c?
5, 7
Let s = -13 - -13. Suppose s*n + n - 24 = 0. List the prime factors of n.
2, 3
Suppose 0 = -4*u + 12 + 116. What are the prime factors of u?
2
Let x = 67 - 22. List the prime factors of x.
3, 5
Let h(k) = k**3 - 5*k**2 - 4*k - 7. Let w be h(6). Suppose -5*i - 17 + 2 = 0, -c + w*i = -54. List the prime factors of c.
3, 13
Let y be (1 - (0 + 2)) + 0. Let u be y/(-2) - (-22)/4. Suppose -j + u = -5. List the prime factors of j.
11
Let z(m) be the second derivative of 13*m**4/12 + m**3/6 - 13*m. Let j be 1 - -1*0/(-2). List the prime factors of z(j).
2, 7
Suppose 2*c = -0 + 6. Let b(q) = 3*q + c*q + 6 + q**2 - q. List the prime factors of b(-4).
2
Suppose -3*j + 9*j = 132. What are the prime factors of j?
2, 11
Let t(p) = -1 + 4*p**3 + 2*p + 9*p**2 - 3*p**3 - 4*p**2. List the prime factors of t(-4).
7
Let u = -2 + -3. Let s = u + 6. What are the prime factors of 2 - (6/(-1) + s)?
7
Let p(b) = -b**3 + 5*b**2 - 2*b + 4. Let h be p(4). Suppose -5*d = -2*w + h, 5*w = -2*d + 5 - 4. What are the prime factors of (0 - -1)*(2 + w)?
3
Suppose -12 + 37 = 5*q. Suppose n - q*y = 30, -n = -2*n + 2*y + 15. Suppose n*x - 15 - 25 = 0. List the prime factors of x.
2
Let n = -5 + 8. Suppose 3*h + 4*j = 4, -n*h + 6*h = 5*j + 22. Suppose 5*s + 5*x - 50 = -0*s, -h*s + 40 = 3*x. What are the prime factors of s?
2, 5
Suppose 0 = -2*q + 3*q - 5. Let f be 2 + 44 + 1 + 0. Suppose -f = -2*j - 6*v + v, q*j - 5*v - 30 = 0. List the prime factors of j.
11
Suppose 3 = 2*d - 7. Suppose 4*w - 58 = -3*i, 0 = -d*i - w - 29 + 103. List the prime factors of i.
2, 7
Suppose -4*g + r + 241 = 0, 5*r + 104 = 3*g - 81. Suppose -4*l - 1 = n + 3, -3*l + 16 = -4*n. Suppose l = s + 2*s - g. List the prime factors of s.
2, 5
Suppose h - 19 = -2*z, 4*h - 3*h - z - 4 = 0. Suppose -5*d + h = -2*d. Suppose u + 2*n = 3 + 1, -3*n + d = 0. List the prime factors of u.
2
List the prime factors of (-42)/(-9)*(8 - -4).
2, 7
Let v be (-6)/4 - 1/2. Let c = -2 - v. Let n = c - -9. What are the prime factors of n?
3
Let p = -3 - -5. Suppose 4*m + 3*z - 15 + 1 = 0, z = -p. Suppose -m*a + 50 = -3*f, 3*f - f - 4 = -2*a. List the prime factors of a.
7
Suppose 5*i - 136 = 104. What are the prime factors of i?
2, 3
Let p(y) be the second derivative of y**5/10 + y**3/3 + y**2/2 - 3*y. List the prime factors of p(2).
3, 7
Let i = 10 + -14. List the prime factors of ((-10)/(-4))/((-2)/i).
5
Let b be (-2)/(-6) + (-19)/3. Let n be 13 + 1/(3/b). Let p = 21 - n. List the prime factors of p.
2, 5
Let z be 2/3 - (-35)/15. Suppose 0 = 4*q - z*q - 13. List the prime factors of q.
13
Suppose 5*k - 13 = -4*w, 5*k - 34 = -w + 4*w. Suppose -k*l + 65 = -0*l. What are the prime factors of l?
13
Let y(d) = 5*d - 4. Let c be y(-6). List the prime factors of (-1 + c)*(-6)/10.
3, 7
Let s(k) = k**3 + k**2 + k + 4. Let g be s(0). Let c = 2 - -6. Suppose -g*z + 3*m + 12 = -c, 5 = z + m. List the prime factors of z.
5
Let r = 555 + -384. List the prime factors of r.
3, 19
Let w be 18/7 + 6/14. Suppose 5*v - 19 = -2*y + 20, -y = w*v - 21. What are the prime factors of y?
2, 3
Suppose 0 = 4*w - y - 410, -3*w + 299 = 3*y - 8*y. What are the prime factors of w?
103
Suppose -34 = 2*i - 3*i. Suppose -3*y + 6*y - 5*l - i = 0, -5*l = -4*y + 42. What are the prime factors of y?
2
Let n(z) = -4*z - 7. Let i be n(-6). Suppose 0 = -w + 58 - i. List the prime factors of w.
41
Let c = 283 - 113. List the prime factors of c.
2, 5, 17
Let p(o) = -o + 83. What are the prime factors of p(0)?
83
Let c = 171 - 87. Let f = -56 + c. List the prime factors of f.
2, 7
Let v = -4 - -7. Let h be -1*(v - 8) + -3. What are the prime factors of (-3)/(0 + h/(-4))?
2, 3
List the prime factors of 114 - (2/4 + 1/2).
113
Let t(a) = -a**3 - 2*a**2 - a + 229. What are the prime factors of t(0)?
229
Let r = 73 - -204. List the prime factors of r.
277
Let y(o) = -3*o - 9. Let q be y(-4). Suppose q*k - 70 = k. What are the prime factors of k?
5, 7
Let n be 6/(-9) - (-64)/6. Let y = n + -5. Suppose -y*u + 56 - 11 = 0. What are the prime factors of u?
3
Suppose -f - 4*f + 175 = 0. Let s = f - 22. What are the prime factors of s?
13
What are the prime factors of ((-36)/(-21))/(4/28)?
2, 3
Let n be (2 - (-15)/(-6))*0. Let m = n - -1. Suppose 5*b = -3*h + m, 5*b - 2*b = 2*h - 26. List the prime factors of h.
7
Let y(o) = -o - 1. Let q be y(-6). Suppose -5*c + 4*b + 55 = 0, 0*c - q*b - 20 = -3*c. What are the prime factors of c?
3, 5
Let s be -1*2/(3 - 4). What are the prime factors of 2 - (-3 + -23)/s?
3, 5
Suppose 0 - 4 = 4*x. List the prime factors of 312/10 - x/(-5).
31
Let i(d) = 8*d**2 + 1 + 0 - 3. Let m be i(2). Suppose -3*w - 2*w + m = 0. What are the prime factors of w?
2, 3
Let z(t) = -t**3 + 16*t**2 + 12*t - 13. What are the prime factors of z(16)?
179
Suppose 20 = r - 2*d, 2*d = -0*d - 2. Let p be r/4*(-1 - 3). Let a = p + 29. List the prime factors of a.
11
Let j = -11 + 13. Suppose -k - 45 = -j*g, 2*g - 2*k - 44 = -0*k. List the prime factors of g.
23
Suppose 4*o - 40 = -o. Suppose -o*l + 19 = -7*l. List the prime factors of l.
19
Let z be (-1)/(-5) - (-343)/35. Suppose -2*t = g - 4, -3*g + t = -2*g - z. List the prime factors of g.
2
Suppose 9*s = s + 824. List the prime factors of s.
103
Let j(v) = -v + 5. Let s be j(5). Suppose s = -5*o + 5*z + 45, -o - o + 13 = 3*z. What are the prime factors of o?
2
Let n(a) = a**3 - 7*a**2 + 5*a + 8. What are the prime factors of n(7)?
43
Suppose 5*p - 3*d + 11 = -0*p, 2*p + 2*d = -14. Let k be 70/(-4)*p/(-5). Let a = k - -23. List the prime factors of a.
3
Suppose 5 = 5*t, 